
Let g = 173 + -182. What is the units digit of ((-40)/3)/(g/108)?
0
Let h(r) = -11*r - 22. Let n be h(6). Let m = -25 - n. Let y = m + -51. What is the units digit of y?
2
Let w(u) = -9*u + 74. Let h be w(8). Suppose 9 - 11 = h*r, 509 = 2*a - 5*r. What is the tens digit of a?
5
Suppose 5*h - 28085 = -72*y + 67*y, 2*y - 22476 = -4*h. What is the tens digit of h?
2
Let t be 1*(4/4 - -3). Suppose -t*w - 18 = g, -5*g + g = -w - 13. Suppose -5*o + g*o = 3*b - 204, -3*b + 4*o = -218. What is the units digit of b?
0
Suppose -24 = -a + 5*x, -2*a + 2*x + 11 = -5. Suppose 0 = 3*c + 3*q - 3978, a*c + c + 3*q - 6628 = 0. What is the thousands digit of c?
1
Let t be ((-2)/(-4))/((-4)/3504). Let v = 770 + t. Let c = v - 234. What is the units digit of c?
8
Suppose -40 = 21*h - 24*h - 5*t, 0 = h - 5*t + 20. Suppose -2*k + 3*d + 1714 = 0, -1314 = -5*k + h*d + 2981. What is the units digit of k?
3
Suppose 3*s - 26 = 5*z + 7, -12 = -s + 2*z. What is the hundreds digit of ((-3)/(-6)*s)/((-48)/(-14528))?
9
Let b = 110 - 123. Let n(r) = r**3 + 14*r**2 - 16*r + 23. What is the hundreds digit of n(b)?
4
Let a be 10832/15 + 20/(-150). What is the tens digit of -9 + a + (1 - 6) - 4?
0
Let h = -11 + 9. Let s = 153 + h. What is the tens digit of s?
5
Let o = -40 - -40. Suppose 0*h + h - 2 = o. What is the tens digit of -1 + 3 - h*-9?
2
Let j(t) = t**3 - 10*t**2 - 8*t - 14. Let n be j(11). Suppose n*s - 25*s = -2634. What is the tens digit of s?
3
Let w(p) = p**3 + p**2 - 5*p + 7. Let h be w(3). Let z be (-8)/h - (-4)/14. Suppose -3*i - 2*k + 192 = -k, z = i - k - 64. What is the tens digit of i?
6
Suppose -2*b - 4*i - 20 = 2*b, i + 5 = -4*b. Suppose 4*d + 952 + 1778 = 5*g, b = -5*g - 5*d + 2685. What is the hundreds digit of g?
5
Suppose 5*u - 19970 - 12810 = 0. What is the tens digit of u?
5
Let f(r) = 4*r + 47. Let u(s) = -4*s - 46. Let v(o) = -4*f(o) - 3*u(o). Let b be v(-12). What is the units digit of 67 - 6 - ((-4 - b) + 0)?
3
Let a = 529 + -856. What is the tens digit of (a/12)/(3 - (-78)/(-24))?
0
Suppose 2*n - 14222 = -4*j - n, j - 3559 = n. What is the tens digit of j?
5
Let a(k) = 8*k**3 + 4*k**2 - 9*k + 18. Let v be a(4). Let p = 643 - v. What is the tens digit of p?
8
Let f = 314 - 308. Suppose -727 + 2947 = f*p. What is the units digit of p?
0
Let z = -181 + 417. Let w = 302 + z. What is the hundreds digit of w?
5
Suppose 3*m - y - y = -81, -4*m = -y + 113. Let k(i) = -189*i - 839. Let o be k(-4). Let w = m - o. What is the tens digit of w?
5
Let t be (-2912)/(-63) - (-2)/(-9). Let p be (-6)/15 - (-9072)/80. Let h = t + p. What is the hundreds digit of h?
1
Let v = 7940 - 2963. What is the tens digit of v?
7
Let b = -395 + 371. What is the units digit of 3*8/b*-1397?
7
What is the tens digit of (22377/((-1)/4 - 13/(-4)))/1?
5
Suppose 46*u = 63*u - 22865. What is the tens digit of ((-18)/45)/((-1)/u)?
3
What is the units digit of 2613 + 1/7 + 1767/(-217)?
5
Let q = -8980 + 17266. What is the units digit of q?
6
Let l = -606 + 1034. Suppose l = 4*f - 72. Suppose f + 175 = 5*k. What is the tens digit of k?
6
What is the tens digit of ((-6200)/(-3))/((-25)/(-702) + 32/832)?
0
Let h(d) = -3*d + 6. Let q be h(0). Suppose -3*l + l = -q. Suppose 3*x - 150 = -l*x. What is the tens digit of x?
2
Let b = 14390 + -1941. What is the units digit of b?
9
Let d be 4/8*1*-7450. Let k be (10/(-2))/(25/d). Suppose -3*g + 5*w + 489 = 0, -4*g + k - 93 = 5*w. What is the tens digit of g?
6
Let g(o) = o**3 + o**2 + 2*o + 8. Let z be g(0). Suppose 6*i = -z + 68. What is the units digit of i/4*(-744)/(-30)?
2
What is the tens digit of 2/29 + 202331/29?
7
Let h(b) = -b**3 - 3*b**2 - 5*b - 5. Let f be h(-2). Suppose 7*u = f + 20. Suppose -2*o = -u*o + 12. What is the units digit of o?
2
Let g(o) be the third derivative of o**4/3 - 23*o**3/6 + 11*o**2. Suppose 23 = 2*f - 2*i - 3*i, 3*f - i = 28. What is the units digit of g(f)?
9
Let q be 5/(-2)*((-23)/(-5) + -7). What is the hundreds digit of (-726)/(-9)*(q + -3)?
2
Let s = 10562 - 3313. What is the hundreds digit of s?
2
Let v(g) be the third derivative of 0 + 5/6*g**4 + 1/2*g**3 - 17*g**2 + 0*g. What is the units digit of v(9)?
3
Let k(h) = 63*h + 20. Let g be k(3). Let z = 11 + g. What is the hundreds digit of z?
2
Suppose 615 = 6*y - 1371. Let s = y + -5. What is the units digit of s?
6
Suppose -24*g + 78857 + 412377 = -474406. What is the units digit of g?
5
Let h = -24 - -12. Let v be (-5)/((-20)/h) - -13. Suppose v*k - 9*k = 43. What is the units digit of k?
3
Let o = 47060 - 9973. What is the hundreds digit of o?
0
Let o(g) = -g**2. Let c(u) = u**3 - 2*u**2 + u - 1. Let h be c(2). Let m(q) = -4*q**2 + 3*q + 1. Let p(v) = h*m(v) - 5*o(v). What is the units digit of p(-3)?
1
Let t(b) = -123*b**3 + 2*b**2 - 1. Let h be t(1). Let g = 536 + -183. Let w = g + h. What is the units digit of w?
1
Let u = -41 - -57. Suppose -h - 4 = -u. Suppose h*c - 12 = 9*c. What is the units digit of c?
4
Suppose -59*m = -53*m + 150. What is the tens digit of 2/m + 177721/575?
0
Let t be -3 + -1 - 12/12. Let i(m) = 44*m**2 + 14*m + 4. What is the thousands digit of i(t)?
1
Let n be (-1)/(-1)*(-139 - -4). Let j = n - -193. Let u = j - -8. What is the units digit of u?
6
Let w = 29881 + -19256. What is the hundreds digit of w?
6
Suppose 2*l = n + 5099, -4069 = -2*l - 4*n + 1025. What is the units digit of l?
9
Suppose j = 4*c - 52382, -221*j + 225*j = 2*c - 26198. What is the thousands digit of c?
3
Let n be 1*3 - ((-12)/4 - 0). Let o(c) = 3*c + 26. Let x be o(n). Suppose -f = -4*b + 385, 2*b - 250 + x = -4*f. What is the units digit of b?
7
Let r(i) = -35*i**2 - 8*i - 18. Let f be r(-6). What is the units digit of (f/(-20))/(6/16)?
4
Let b be 60/9*(3 + 0). Suppose 268 = d + b. What is the hundreds digit of d?
2
Let b(x) = 5*x - 18. Let d be b(5). What is the hundreds digit of d - (4928/(-8) - -4)?
6
Let f(v) = 3*v**3 - 3*v**2 - 5*v + 3. Let d be f(3). Suppose 5*u - d = -32. Suppose -u*z + 2*c = 5*c - 216, 0 = 5*z - 2*c - 521. What is the units digit of z?
5
Suppose 0 = 5*o - p - 14, 0*p = -5*p + 5. Let l = o + -9. What is the hundreds digit of ((-8)/l*-1)/((-8)/708)?
1
Suppose 2*v = -2*s + 50412, 126036 = 5*v - 65*s + 64*s. What is the ten thousands digit of v?
2
Suppose 86*c + 74*c - 629280 = 0. What is the tens digit of c?
3
Suppose -f = f. Let z(y) = -2*y**3 - 29*y**2 + 18*y + 49. Let l be z(-15). Suppose -l*s + f*s = -132. What is the tens digit of s?
3
What is the thousands digit of (2 + -305 - -2)*45/(-54)*6?
1
Let h(m) = -4*m - 24. Let g = -18 - -26. Let r be h(g). Let k = 80 + r. What is the units digit of k?
4
Let q(z) = 2*z**3 + 123*z**2 + 4*z + 105. What is the units digit of q(-61)?
2
Let y be 3871/(-2)*((-2)/(-7) - 2). Suppose y = 11*j - 4030. Suppose -940 = -12*z + j. What is the tens digit of z?
3
Let d(y) = 2*y**2 - 9*y + 6. Let g(v) = v + 1. Let x(n) = -n**2 + 4*n + 3. Let s(q) = 4*g(q) - x(q). Let j(h) = d(h) - 3*s(h). What is the tens digit of j(-7)?
1
Suppose -178*p + 919970 + 34094 = -188340. What is the hundreds digit of p?
4
Suppose -62*n = -66*n + 2544. Suppose z = n - 134. What is the tens digit of z?
0
What is the hundreds digit of 3/(-12) + ((-56997)/(-36) - 2)?
5
Let s(g) = -31*g + 3. Let z be s(-1). Let w = z - 29. What is the units digit of 6*w/60 + 135/2?
8
What is the hundreds digit of (-54)/(-6 - -24)*(-856)/3?
8
Suppose 16 + 0 = 4*d. Suppose 6*b = 2*b - 4*u + 1316, 1645 = 5*b - d*u. What is the tens digit of b?
2
Let c(k) = 2*k**2 - 25*k - 8. Let r be c(13). Suppose 3*d = 0, -4*u + d = -r*u + 351. What is the hundreds digit of u?
3
Suppose -35*j + 39*j + 16 = 0. What is the units digit of (7 + -13)/(7864/(-1964) - j)?
3
Suppose 2*u - 63273 - 28452 = -13*u. What is the hundreds digit of u?
1
What is the hundreds digit of 5/55 + (-3767240)/(-440)?
5
Let g be 2/(-9) - 73738/(-207). Let o = g - 169. Suppose -4*f = -281 - o. What is the units digit of f?
7
Let j = -37909 - -67534. What is the tens digit of j?
2
Let k(n) = -283*n**3 + 6*n + 17. Let a be k(-2). Let f = a + -1152. What is the hundreds digit of f?
1
Let f(g) = -g**3 + 11*g**2 - 12*g + 18. Let i be f(6). Suppose 0 = -i*n + 132*n - 882. What is the tens digit of n?
4
Suppose -5*v + 3*h + 340 = 0, -285 = -4*v + 6*h - h. What is the tens digit of v?
6
Supp